at is the greatest common divisor of 258 and 114?
6
Calculate the highest common factor of 688 and 1136.
16
What is the greatest common factor of 255 and 204?
51
What is the highest common divisor of 121 and 187?
11
Calculate the highest common factor of 29 and 203.
29
Calculate the highest common divisor of 8 and 3320.
8
Calculate the highest common divisor of 209 and 11.
11
Calculate the highest common divisor of 130 and 170.
10
What is the highest common divisor of 351 and 65?
13
Calculate the highest common factor of 38 and 741.
19
What is the greatest common divisor of 77 and 88?
11
Calculate the highest common factor of 2 and 18.
2
Calculate the greatest common divisor of 2352 and 288.
48
What is the greatest common factor of 20439 and 27?
27
Calculate the highest common factor of 119 and 42.
7
What is the greatest common factor of 14209 and 13?
13
What is the highest common factor of 63 and 56?
7
Calculate the highest common divisor of 160 and 70.
10
What is the greatest common factor of 847 and 693?
77
What is the highest common factor of 20 and 20?
20
What is the greatest common divisor of 912 and 48?
48
Calculate the greatest common factor of 20 and 28.
4
Calculate the highest common factor of 1062 and 472.
118
Calculate the highest common factor of 6141 and 345.
69
Calculate the greatest common factor of 234 and 2.
2
What is the highest common divisor of 25 and 55?
5
What is the highest common factor of 232 and 145?
29
Calculate the greatest common divisor of 185 and 37.
37
What is the highest common factor of 57 and 6669?
57
What is the highest common factor of 20 and 10?
10
What is the greatest common factor of 38216 and 17?
17
What is the highest common factor of 4869 and 3?
3
What is the greatest common divisor of 442 and 986?
34
What is the highest common divisor of 105 and 15?
15
What is the greatest common divisor of 164 and 1681?
41
Calculate the greatest common divisor of 171 and 38.
19
Calculate the highest common factor of 329 and 47.
47
Calculate the highest common divisor of 1160 and 80.
40
What is the greatest common factor of 154 and 28?
14
Calculate the greatest common factor of 298 and 149.
149
What is the highest common factor of 35 and 75?
5
What is the highest common divisor of 6958 and 710?
142
Calculate the greatest common factor of 20 and 560.
20
Calculate the highest common factor of 3901 and 47.
47
What is the greatest common factor of 336 and 15036?
84
Calculate the greatest common divisor of 456 and 216.
24
What is the highest common factor of 20 and 2776?
4
What is the highest common factor of 200 and 75?
25
Calculate the highest common factor of 112 and 14.
14
Calculate the highest common factor of 28 and 6.
2
Calculate the greatest common factor of 459 and 2703.
51
Calculate the greatest common factor of 332 and 6059.
83
Calculate the greatest common divisor of 2611 and 13801.
373
Calculate the greatest common factor of 2108 and 1116.
124
Calculate the highest common divisor of 38895 and 15.
15
What is the highest common divisor of 1335 and 3382?
89
Calculate the highest common divisor of 11 and 6996.
11
What is the highest common factor of 125 and 12250?
125
Calculate the highest common factor of 341 and 33.
11
What is the greatest common divisor of 84 and 12516?
84
Calculate the greatest common divisor of 3895 and 205.
205
Calculate the greatest common divisor of 44 and 11.
11
What is the highest common divisor of 572 and 1584?
44
Calculate the greatest common factor of 961 and 744.
31
Calculate the highest common divisor of 63 and 1449.
63
Calculate the highest common factor of 1073 and 74.
37
Calculate the highest common divisor of 26 and 19058.
26
Calculate the highest common factor of 44 and 880.
44
What is the highest common divisor of 116 and 76?
4
What is the greatest common divisor of 711 and 252?
9
What is the highest common divisor of 59382 and 36?
18
Calculate the greatest common divisor of 504 and 18.
18
What is the highest common factor of 1338 and 6?
6
Calculate the highest common divisor of 3478 and 94.
94
What is the highest common factor of 726 and 341?
11
What is the greatest common factor of 44302 and 34?
34
What is the greatest common divisor of 40 and 56?
8
What is the greatest common divisor of 351 and 13?
13
What is the greatest common factor of 1247 and 87?
29
What is the highest common factor of 8 and 52?
4
What is the highest common divisor of 16 and 104?
8
What is the greatest common divisor of 3 and 33?
3
What is the greatest common divisor of 238 and 112?
14
Calculate the highest common factor of 27 and 30.
3
What is the greatest common divisor of 396 and 108?
36
What is the highest common divisor of 63 and 21?
21
What is the greatest common divisor of 3150 and 240?
30
Calculate the highest common factor of 10395 and 3080.
385
What is the greatest common divisor of 118 and 3068?
118
What is the highest common factor of 3143 and 14?
7
What is the greatest common factor of 9 and 333?
9
Calculate the highest common divisor of 140 and 112.
28
What is the greatest common factor of 39 and 871?
13
What is the highest common factor of 258 and 6?
6
Calculate the highest common divisor of 24 and 762.
6
What is the greatest common factor of 22 and 44?
22
Calculate the highest common factor of 71448 and 26.
26
Calculate the greatest common divisor of 16 and 88.
8
What is the highest common factor of 4042 and 94?
94
What is the highest common divisor of 153 and 595?
17
What is the greatest common factor of 182 and 247?
13
What is the highest common factor of 275 and 675?
25
Calculate the greatest common divisor of 17424 and 144.
144
Calculate the highest common divisor of 20 and 108.
4
Calculate the greatest common divisor of 374 and 22.
22
Calculate the greatest common divisor of 14 and 658.
14
What is the greatest common factor of 1130 and 10?
10
Calculate the highest common divisor of 402 and 6.
6
Calculate the greatest common divisor of 506 and 154.
22
What is the greatest common factor of 154 and 70?
14
What is the greatest common factor of 30 and 70?
10
Calculate the greatest common divisor of 182 and 18746.
182
Calculate the greatest common divisor of 470 and 19505.
235
What is the greatest common divisor of 56 and 832?
8
What is the highest common factor of 310 and 1116?
62
Calculate the highest common factor of 174 and 261.
87
What is the highest common divisor of 6 and 222?
6
Calculate the highest common divisor of 106008 and 42.
42
Calculate the highest common factor of 11 and 517.
11
Calculate the highest common factor of 2160 and 870.
30
Calculate the highest common factor of 10858 and 1602.
178
What is the highest common divisor of 178 and 623?
89
Calculate the greatest common divisor of 8 and 80.
8
Calculate the greatest common factor of 189 and 6.
3
What is the greatest common divisor of 23 and 15571?
23
What is the greatest common factor of 75 and 80?
5
What is the highest common divisor of 96 and 6?
6
What is the highest common divisor of 52 and 182?
26
What is the greatest common factor of 1278 and 18?
18
What is the greatest common divisor of 180 and 40?
20
What is the greatest common factor of 14 and 54446?
14
Calculate the highest common divisor of 312 and 117.
39
What is the greatest common divisor of 34 and 493?
17
Calculate the highest common divisor of 543 and 3.
3
What is the greatest common factor of 11 and 517?
11
What is the highest common factor of 79 and 8927?
79
Calculate the greatest common factor of 87 and 464.
29
What is the greatest common divisor of 51 and 221?
17
Calculate the highest common factor of 272 and 32.
16
What is the greatest common factor of 238 and 938?
14
What is the highest common divisor of 81 and 63?
9
Calculate the greatest common divisor of 2 and 116.
2
Calculate the greatest common divisor of 232 and 48.
8
Calculate the greatest common factor of 1170 and 270.
90
Calculate the greatest common factor of 2607 and 33.
33
Calculate the highest common divisor of 24 and 1480.
8
What is the greatest common factor of 34 and 3842?
34
Calculate the greatest common factor of 310 and 40.
10
What is the highest common factor of 2 and 1814?
2
Calculate the greatest common divisor of 1372 and 644.
28
Calculate the greatest common divisor 